{"id":5563,"date":"2023-01-14T19:12:50","date_gmt":"2023-01-14T19:12:50","guid":{"rendered":"https:\/\/fermelpe.com\/produit\/rayon-de-miel\/"},"modified":"2024-12-15T14:59:27","modified_gmt":"2024-12-15T18:59:27","slug":"rayon-de-miel","status":"publish","type":"product","link":"https:\/\/fermelpe.com\/en\/boutique\/rayon-de-miel\/","title":{"rendered":"Honeycomb"},"content":{"rendered":"<p>Produced in the Vaudreuil-Soulanges region, comb honey comes from the honeycombs of beehives. The frames are harvested, cut, and packaged. This is honey in its purest form. Each bite will allow you to discover or rediscover the delicious taste of honey.<\/p>\n<p><strong>Use<\/strong><\/p>\n<p>To be chewed like gum or used as a dessert.<\/p>","protected":false},"excerpt":{"rendered":"<p>Produced in the Vaudreuil-Soulanges region, comb honey comes from the honeycombs of the hives. The frames are harvested, cut and packed.<\/p>","protected":false},"author":1,"featured_media":7571,"comment_status":"open","ping_status":"closed","template":"","meta":{"wprm-recipe-roundup-name":"","wprm-recipe-roundup-description":"","wpupg_custom_link":[],"wpupg_custom_link_behaviour":[],"wpupg_custom_link_nofollow":[],"wpupg_custom_image":[],"wpupg_custom_image_id":[]},"product_brand":[],"product_cat":[128],"product_tag":[],"class_list":{"0":"post-5563","1":"product","2":"type-product","3":"status-publish","4":"has-post-thumbnail","6":"wc_square_synced-yes","7":"product_cat-miel-pur","9":"first","10":"outofstock","11":"shipping-taxable","12":"purchasable","13":"product-type-variable"},"yoast_head":"<!-- This site is optimized with the Yoast SEO plugin v26.7 - https:\/\/yoast.com\/wordpress\/plugins\/seo\/ -->\n<title>Rayon De Miel | Ferme Les Petites \u00c9cores<\/title>\n<meta name=\"robots\" content=\"index, follow, max-snippet:-1, max-image-preview:large, max-video-preview:-1\" \/>\n<link rel=\"canonical\" href=\"https:\/\/fermelpe.com\/en\/boutique\/rayon-de-miel\/\" \/>\n<meta property=\"og:locale\" content=\"en_US\" \/>\n<meta property=\"og:type\" content=\"article\" \/>\n<meta property=\"og:title\" content=\"Rayon De Miel | Ferme Les Petites \u00c9cores\" \/>\n<meta property=\"og:description\" content=\"Produits dans la r\u00e9gion de Vaudreuil-Soulanges, le miel en rayon provient des rayons de miel des ruches. Les cadres sont r\u00e9colt\u00e9s, coup\u00e9 et emball\u00e9.\" \/>\n<meta property=\"og:url\" content=\"https:\/\/fermelpe.com\/en\/boutique\/rayon-de-miel\/\" \/>\n<meta property=\"og:site_name\" content=\"Ferme Les Petites \u00c9cores\" \/>\n<meta property=\"article:publisher\" content=\"https:\/\/www.facebook.com\/fermelpe\" \/>\n<meta property=\"article:modified_time\" content=\"2024-12-15T18:59:27+00:00\" \/>\n<meta property=\"og:image\" content=\"https:\/\/fermelpe.com\/wp-content\/uploads\/2023\/01\/34C963A3-F2D6-4654-8229-8929E202DAD7_1_201_a-scaled.jpeg\" \/>\n\t<meta property=\"og:image:width\" content=\"2560\" \/>\n\t<meta property=\"og:image:height\" content=\"2560\" \/>\n\t<meta property=\"og:image:type\" content=\"image\/jpeg\" \/>\n<script type=\"application\/ld+json\" class=\"yoast-schema-graph\">{\"@context\":\"https:\/\/schema.org\",\"@graph\":[{\"@type\":\"WebPage\",\"@id\":\"https:\/\/fermelpe.com\/boutique\/rayon-de-miel\/\",\"url\":\"https:\/\/fermelpe.com\/boutique\/rayon-de-miel\/\",\"name\":\"Rayon De Miel | Ferme Les Petites \u00c9cores\",\"isPartOf\":{\"@id\":\"https:\/\/fermelpe.com\/#website\"},\"primaryImageOfPage\":{\"@id\":\"https:\/\/fermelpe.com\/boutique\/rayon-de-miel\/#primaryimage\"},\"image\":{\"@id\":\"https:\/\/fermelpe.com\/boutique\/rayon-de-miel\/#primaryimage\"},\"thumbnailUrl\":\"https:\/\/i0.wp.com\/fermelpe.com\/wp-content\/uploads\/2023\/01\/34C963A3-F2D6-4654-8229-8929E202DAD7_1_201_a-scaled.jpeg?fit=2560%2C2560&ssl=1\",\"datePublished\":\"2023-01-14T19:12:50+00:00\",\"dateModified\":\"2024-12-15T18:59:27+00:00\",\"breadcrumb\":{\"@id\":\"https:\/\/fermelpe.com\/boutique\/rayon-de-miel\/#breadcrumb\"},\"inLanguage\":\"en-CA\",\"potentialAction\":[{\"@type\":\"ReadAction\",\"target\":[\"https:\/\/fermelpe.com\/boutique\/rayon-de-miel\/\"]}]},{\"@type\":\"ImageObject\",\"inLanguage\":\"en-CA\",\"@id\":\"https:\/\/fermelpe.com\/boutique\/rayon-de-miel\/#primaryimage\",\"url\":\"https:\/\/i0.wp.com\/fermelpe.com\/wp-content\/uploads\/2023\/01\/34C963A3-F2D6-4654-8229-8929E202DAD7_1_201_a-scaled.jpeg?fit=2560%2C2560&ssl=1\",\"contentUrl\":\"https:\/\/i0.wp.com\/fermelpe.com\/wp-content\/uploads\/2023\/01\/34C963A3-F2D6-4654-8229-8929E202DAD7_1_201_a-scaled.jpeg?fit=2560%2C2560&ssl=1\",\"width\":2560,\"height\":2560},{\"@type\":\"BreadcrumbList\",\"@id\":\"https:\/\/fermelpe.com\/boutique\/rayon-de-miel\/#breadcrumb\",\"itemListElement\":[{\"@type\":\"ListItem\",\"position\":1,\"name\":\"Accueil\",\"item\":\"https:\/\/fermelpe.com\/\"},{\"@type\":\"ListItem\",\"position\":2,\"name\":\"Boutique\",\"item\":\"https:\/\/fermelpe.com\/boutique\/\"},{\"@type\":\"ListItem\",\"position\":3,\"name\":\"Rayon De Miel\"}]},{\"@type\":\"WebSite\",\"@id\":\"https:\/\/fermelpe.com\/#website\",\"url\":\"https:\/\/fermelpe.com\/\",\"name\":\"Ferme Les Petites \u00c9cores\",\"description\":\"\u00c9veillez vos sens au vrai go\u00fbt\",\"publisher\":{\"@id\":\"https:\/\/fermelpe.com\/#organization\"},\"potentialAction\":[{\"@type\":\"SearchAction\",\"target\":{\"@type\":\"EntryPoint\",\"urlTemplate\":\"https:\/\/fermelpe.com\/?s={search_term_string}\"},\"query-input\":{\"@type\":\"PropertyValueSpecification\",\"valueRequired\":true,\"valueName\":\"search_term_string\"}}],\"inLanguage\":\"en-CA\"},{\"@type\":\"Organization\",\"@id\":\"https:\/\/fermelpe.com\/#organization\",\"name\":\"Ferme Les Petites \u00c9cores\",\"url\":\"https:\/\/fermelpe.com\/\",\"logo\":{\"@type\":\"ImageObject\",\"inLanguage\":\"en-CA\",\"@id\":\"https:\/\/fermelpe.com\/#\/schema\/logo\/image\/\",\"url\":\"https:\/\/i0.wp.com\/fermelpe.com\/wp-content\/uploads\/2022\/12\/Facebook-Logo.png?fit=180%2C180&ssl=1\",\"contentUrl\":\"https:\/\/i0.wp.com\/fermelpe.com\/wp-content\/uploads\/2022\/12\/Facebook-Logo.png?fit=180%2C180&ssl=1\",\"width\":180,\"height\":180,\"caption\":\"Ferme Les Petites \u00c9cores\"},\"image\":{\"@id\":\"https:\/\/fermelpe.com\/#\/schema\/logo\/image\/\"},\"sameAs\":[\"https:\/\/www.facebook.com\/fermelpe\",\"https:\/\/www.instagram.com\/flpecores\/\"]}]}<\/script>\n<!-- \/ Yoast SEO plugin. -->","yoast_head_json":{"title":"Honeycomb | Ferme les Petites \u00c9cores","robots":{"index":"index","follow":"follow","max-snippet":"max-snippet:-1","max-image-preview":"max-image-preview:large","max-video-preview":"max-video-preview:-1"},"canonical":"https:\/\/fermelpe.com\/en\/boutique\/rayon-de-miel\/","og_locale":"en_US","og_type":"article","og_title":"Rayon De Miel | Ferme Les Petites \u00c9cores","og_description":"Produits dans la r\u00e9gion de Vaudreuil-Soulanges, le miel en rayon provient des rayons de miel des ruches. Les cadres sont r\u00e9colt\u00e9s, coup\u00e9 et emball\u00e9.","og_url":"https:\/\/fermelpe.com\/en\/boutique\/rayon-de-miel\/","og_site_name":"Ferme Les Petites \u00c9cores","article_publisher":"https:\/\/www.facebook.com\/fermelpe","article_modified_time":"2024-12-15T18:59:27+00:00","og_image":[{"width":2560,"height":2560,"url":"https:\/\/fermelpe.com\/wp-content\/uploads\/2023\/01\/34C963A3-F2D6-4654-8229-8929E202DAD7_1_201_a-scaled.jpeg","type":"image\/jpeg"}],"schema":{"@context":"https:\/\/schema.org","@graph":[{"@type":"WebPage","@id":"https:\/\/fermelpe.com\/boutique\/rayon-de-miel\/","url":"https:\/\/fermelpe.com\/boutique\/rayon-de-miel\/","name":"Honeycomb | Ferme les Petites \u00c9cores","isPartOf":{"@id":"https:\/\/fermelpe.com\/#website"},"primaryImageOfPage":{"@id":"https:\/\/fermelpe.com\/boutique\/rayon-de-miel\/#primaryimage"},"image":{"@id":"https:\/\/fermelpe.com\/boutique\/rayon-de-miel\/#primaryimage"},"thumbnailUrl":"https:\/\/i0.wp.com\/fermelpe.com\/wp-content\/uploads\/2023\/01\/34C963A3-F2D6-4654-8229-8929E202DAD7_1_201_a-scaled.jpeg?fit=2560%2C2560&ssl=1","datePublished":"2023-01-14T19:12:50+00:00","dateModified":"2024-12-15T18:59:27+00:00","breadcrumb":{"@id":"https:\/\/fermelpe.com\/boutique\/rayon-de-miel\/#breadcrumb"},"inLanguage":"en-CA","potentialAction":[{"@type":"ReadAction","target":["https:\/\/fermelpe.com\/boutique\/rayon-de-miel\/"]}]},{"@type":"ImageObject","inLanguage":"en-CA","@id":"https:\/\/fermelpe.com\/boutique\/rayon-de-miel\/#primaryimage","url":"https:\/\/i0.wp.com\/fermelpe.com\/wp-content\/uploads\/2023\/01\/34C963A3-F2D6-4654-8229-8929E202DAD7_1_201_a-scaled.jpeg?fit=2560%2C2560&ssl=1","contentUrl":"https:\/\/i0.wp.com\/fermelpe.com\/wp-content\/uploads\/2023\/01\/34C963A3-F2D6-4654-8229-8929E202DAD7_1_201_a-scaled.jpeg?fit=2560%2C2560&ssl=1","width":2560,"height":2560},{"@type":"BreadcrumbList","@id":"https:\/\/fermelpe.com\/boutique\/rayon-de-miel\/#breadcrumb","itemListElement":[{"@type":"ListItem","position":1,"name":"Accueil","item":"https:\/\/fermelpe.com\/"},{"@type":"ListItem","position":2,"name":"Boutique","item":"https:\/\/fermelpe.com\/boutique\/"},{"@type":"ListItem","position":3,"name":"Rayon De Miel"}]},{"@type":"WebSite","@id":"https:\/\/fermelpe.com\/#website","url":"https:\/\/fermelpe.com\/","name":"Ferme Les Petites \u00c9cores","description":"Awaken your senses to true taste","publisher":{"@id":"https:\/\/fermelpe.com\/#organization"},"potentialAction":[{"@type":"SearchAction","target":{"@type":"EntryPoint","urlTemplate":"https:\/\/fermelpe.com\/?s={search_term_string}"},"query-input":{"@type":"PropertyValueSpecification","valueRequired":true,"valueName":"search_term_string"}}],"inLanguage":"en-CA"},{"@type":"Organization","@id":"https:\/\/fermelpe.com\/#organization","name":"Ferme Les Petites \u00c9cores","url":"https:\/\/fermelpe.com\/","logo":{"@type":"ImageObject","inLanguage":"en-CA","@id":"https:\/\/fermelpe.com\/#\/schema\/logo\/image\/","url":"https:\/\/i0.wp.com\/fermelpe.com\/wp-content\/uploads\/2022\/12\/Facebook-Logo.png?fit=180%2C180&ssl=1","contentUrl":"https:\/\/i0.wp.com\/fermelpe.com\/wp-content\/uploads\/2022\/12\/Facebook-Logo.png?fit=180%2C180&ssl=1","width":180,"height":180,"caption":"Ferme Les Petites \u00c9cores"},"image":{"@id":"https:\/\/fermelpe.com\/#\/schema\/logo\/image\/"},"sameAs":["https:\/\/www.facebook.com\/fermelpe","https:\/\/www.instagram.com\/flpecores\/"]}]}},"_links":{"self":[{"href":"https:\/\/fermelpe.com\/en\/wp-json\/wp\/v2\/product\/5563","targetHints":{"allow":["GET"]}}],"collection":[{"href":"https:\/\/fermelpe.com\/en\/wp-json\/wp\/v2\/product"}],"about":[{"href":"https:\/\/fermelpe.com\/en\/wp-json\/wp\/v2\/types\/product"}],"author":[{"embeddable":true,"href":"https:\/\/fermelpe.com\/en\/wp-json\/wp\/v2\/users\/1"}],"replies":[{"embeddable":true,"href":"https:\/\/fermelpe.com\/en\/wp-json\/wp\/v2\/comments?post=5563"}],"wp:featuredmedia":[{"embeddable":true,"href":"https:\/\/fermelpe.com\/en\/wp-json\/wp\/v2\/media\/7571"}],"wp:attachment":[{"href":"https:\/\/fermelpe.com\/en\/wp-json\/wp\/v2\/media?parent=5563"}],"wp:term":[{"taxonomy":"product_brand","embeddable":true,"href":"https:\/\/fermelpe.com\/en\/wp-json\/wp\/v2\/product_brand?post=5563"},{"taxonomy":"product_cat","embeddable":true,"href":"https:\/\/fermelpe.com\/en\/wp-json\/wp\/v2\/product_cat?post=5563"},{"taxonomy":"product_tag","embeddable":true,"href":"https:\/\/fermelpe.com\/en\/wp-json\/wp\/v2\/product_tag?post=5563"}],"curies":[{"name":"wp","href":"https:\/\/api.w.org\/{rel}","templated":true}]}}

<!-- This site is optimized with the Yoast SEO plugin v26.7 - https://yoast.com/wordpress/plugins/seo/ -->
<title>Rayon De Miel | Ferme Les Petites Écores</title>
<meta name="robots" content="index, follow, max-snippet:-1, max-image-preview:large, max-video-preview:-1" />
<link rel="canonical" href="https://fermelpe.com/en/boutique/rayon-de-miel/" />
<meta property="og:locale" content="en_US" />
<meta property="og:type" content="article" />
<meta property="og:title" content="Rayon De Miel | Ferme Les Petites Écores" />
<meta property="og:description" content="Produits dans la région de Vaudreuil-Soulanges, le miel en rayon provient des rayons de miel des ruches. Les cadres sont récoltés, coupé et emballé." />
<meta property="og:url" content="https://fermelpe.com/en/boutique/rayon-de-miel/" />
<meta property="og:site_name" content="Ferme Les Petites Écores" />
<meta property="article:publisher" content="https://www.facebook.com/fermelpe" />
<meta property="article:modified_time" content="2024-12-15T18:59:27+00:00" />
<meta property="og:image" content="https://fermelpe.com/wp-content/uploads/2023/01/34C963A3-F2D6-4654-8229-8929E202DAD7_1_201_a-scaled.jpeg" />
	<meta property="og:image:width" content="2560" />
	<meta property="og:image:height" content="2560" />
	<meta property="og:image:type" content="image/jpeg" />
<script type="application/ld+json" class="yoast-schema-graph">{"@context":"https://schema.org","@graph":[{"@type":"WebPage","@id":"https://fermelpe.com/boutique/rayon-de-miel/","url":"https://fermelpe.com/boutique/rayon-de-miel/","name":"Rayon De Miel | Ferme Les Petites Écores","isPartOf":{"@id":"https://fermelpe.com/#website"},"primaryImageOfPage":{"@id":"https://fermelpe.com/boutique/rayon-de-miel/#primaryimage"},"image":{"@id":"https://fermelpe.com/boutique/rayon-de-miel/#primaryimage"},"thumbnailUrl":"https://i0.wp.com/fermelpe.com/wp-content/uploads/2023/01/34C963A3-F2D6-4654-8229-8929E202DAD7_1_201_a-scaled.jpeg?fit=2560%2C2560&ssl=1","datePublished":"2023-01-14T19:12:50+00:00","dateModified":"2024-12-15T18:59:27+00:00","breadcrumb":{"@id":"https://fermelpe.com/boutique/rayon-de-miel/#breadcrumb"},"inLanguage":"en-CA","potentialAction":[{"@type":"ReadAction","target":["https://fermelpe.com/boutique/rayon-de-miel/"]}]},{"@type":"ImageObject","inLanguage":"en-CA","@id":"https://fermelpe.com/boutique/rayon-de-miel/#primaryimage","url":"https://i0.wp.com/fermelpe.com/wp-content/uploads/2023/01/34C963A3-F2D6-4654-8229-8929E202DAD7_1_201_a-scaled.jpeg?fit=2560%2C2560&ssl=1","contentUrl":"https://i0.wp.com/fermelpe.com/wp-content/uploads/2023/01/34C963A3-F2D6-4654-8229-8929E202DAD7_1_201_a-scaled.jpeg?fit=2560%2C2560&ssl=1","width":2560,"height":2560},{"@type":"BreadcrumbList","@id":"https://fermelpe.com/boutique/rayon-de-miel/#breadcrumb","itemListElement":[{"@type":"ListItem","position":1,"name":"Accueil","item":"https://fermelpe.com/"},{"@type":"ListItem","position":2,"name":"Boutique","item":"https://fermelpe.com/boutique/"},{"@type":"ListItem","position":3,"name":"Rayon De Miel"}]},{"@type":"WebSite","@id":"https://fermelpe.com/#website","url":"https://fermelpe.com/","name":"Ferme Les Petites Écores","description":"Éveillez vos sens au vrai goût","publisher":{"@id":"https://fermelpe.com/#organization"},"potentialAction":[{"@type":"SearchAction","target":{"@type":"EntryPoint","urlTemplate":"https://fermelpe.com/?s={search_term_string}"},"query-input":{"@type":"PropertyValueSpecification","valueRequired":true,"valueName":"search_term_string"}}],"inLanguage":"en-CA"},{"@type":"Organization","@id":"https://fermelpe.com/#organization","name":"Ferme Les Petites Écores","url":"https://fermelpe.com/","logo":{"@type":"ImageObject","inLanguage":"en-CA","@id":"https://fermelpe.com/#/schema/logo/image/","url":"https://i0.wp.com/fermelpe.com/wp-content/uploads/2022/12/Facebook-Logo.png?fit=180%2C180&ssl=1","contentUrl":"https://i0.wp.com/fermelpe.com/wp-content/uploads/2022/12/Facebook-Logo.png?fit=180%2C180&ssl=1","width":180,"height":180,"caption":"Ferme Les Petites Écores"},"image":{"@id":"https://fermelpe.com/#/schema/logo/image/"},"sameAs":["https://www.facebook.com/fermelpe","https://www.instagram.com/flpecores/"]}]}</script>
<!-- / Yoast SEO plugin. -->

Honeycomb | Ferme les Petites Écores

Rayon De Miel | Ferme Les Petites Écores

Produits dans la région de Vaudreuil-Soulanges, le miel en rayon provient des rayons de miel des ruches. Les cadres sont récoltés, coupé et emballé.

Ferme Les Petites Écores
